{"id":163,"date":"2026-02-25T12:44:30","date_gmt":"2026-02-25T11:44:30","guid":{"rendered":"https:\/\/termoshop.hr\/wp\/product\/starter-paket-radiator-s-2\/"},"modified":"2026-02-25T14:38:52","modified_gmt":"2026-02-25T13:38:52","slug":"starter-paket-radiator-s-2","status":"publish","type":"product","link":"https:\/\/termoshop.hr\/?product=starter-paket-radiator-s-2","title":{"rendered":"ViCare radijatorski termostat"},"content":{"rendered":"<p><strong>ViCare radijatorski termostat<\/strong>\u00a0(Low-Power-Funk)<\/p>\n<p>Upravljanje radijatorima na baterijski pogon za regulaciju pojedina\u010dne prostorije u spoju sa Vitoconnectom. Bijele boje<\/p>\n<ul>\n<li>S integriranim osjetnikom temperature za odre\u0111ivanje aktualne temperature prostora<\/li>\n<li>Funkcija prepoznavanja otvorenog prozora<\/li>\n<li>Snaga namje\u0161tanja maks. 70 N, maks. hod ventila 4,35 mm.<\/li>\n<li>Jednostavnaa monta\u017ea na termostatske ventile M 30 x 1,5 mm.<\/li>\n<li>Pomo\u0107u isporu\u010denog seta adaptera mogu\u0107a je monta\u017ea na Danfoss termostatske ventile.<\/li>\n<\/ul>\n","protected":false},"excerpt":{"rendered":"<p>Upravljanje radijatorima na baterijski pogon za regulaciju pojedina\u010dne prostorije u spoju sa Vitoconnectom<\/p>\n<p>Sadr\u017ei: 1 ViCare radijatorski termostat<\/p>\n","protected":false},"featured_media":159,"comment_status":"open","ping_status":"closed","template":"","meta":[],"product_brand":[],"product_cat":[20],"product_tag":[],"class_list":{"0":"post-163","1":"product","2":"type-product","3":"status-publish","4":"has-post-thumbnail","6":"product_cat-a2pametno-upravljanje","8":"first","9":"onbackorder","10":"sale","11":"taxable","12":"shipping-taxable","13":"purchasable","14":"product-type-simple"},"yoast_head":"<!-- This site is optimized with the Yoast SEO plugin v26.9 - https:\/\/yoast.com\/product\/yoast-seo-wordpress\/ -->\n<title>ViCare radijatorski termostat - Termoshop<\/title>\n<meta name=\"robots\" content=\"index, follow, max-snippet:-1, max-image-preview:large, max-video-preview:-1\" \/>\n<link rel=\"canonical\" href=\"https:\/\/termoshop.hr\/?product=starter-paket-radiator-s-2\" \/>\n<meta property=\"og:locale\" content=\"hr_HR\" \/>\n<meta property=\"og:type\" content=\"article\" \/>\n<meta property=\"og:title\" content=\"ViCare radijatorski termostat - Termoshop\" \/>\n<meta property=\"og:description\" content=\"Upravljanje radijatorima na baterijski pogon za regulaciju pojedina\u010dne prostorije u spoju sa Vitoconnectom  Sadr\u017ei: 1 ViCare radijatorski termostat\" \/>\n<meta property=\"og:url\" content=\"https:\/\/termoshop.hr\/?product=starter-paket-radiator-s-2\" \/>\n<meta property=\"og:site_name\" content=\"Termoshop\" \/>\n<meta property=\"article:publisher\" content=\"https:\/\/www.facebook.com\/promil.doo\/\" \/>\n<meta property=\"article:modified_time\" content=\"2026-02-25T13:38:52+00:00\" \/>\n<meta property=\"og:image\" content=\"https:\/\/termoshop.hr\/wp-content\/uploads\/2022\/04\/188-ViCare-radijatorski-termostat.jpg\" \/>\n\t<meta property=\"og:image:width\" content=\"1200\" \/>\n\t<meta property=\"og:image:height\" content=\"1200\" \/>\n\t<meta property=\"og:image:type\" content=\"image\/jpeg\" \/>\n<meta name=\"twitter:card\" content=\"summary_large_image\" \/>\n<meta name=\"twitter:label1\" content=\"Procijenjeno vrijeme \u010ditanja\" \/>\n\t<meta name=\"twitter:data1\" content=\"1 minuta\" \/>\n<script type=\"application\/ld+json\" class=\"yoast-schema-graph\">{\"@context\":\"https:\/\/schema.org\",\"@graph\":[{\"@type\":\"WebPage\",\"@id\":\"https:\/\/termoshop.hr\/?product=starter-paket-radiator-s-2\",\"url\":\"https:\/\/termoshop.hr\/?product=starter-paket-radiator-s-2\",\"name\":\"ViCare radijatorski termostat - Termoshop\",\"isPartOf\":{\"@id\":\"https:\/\/termoshop.hr\/#website\"},\"primaryImageOfPage\":{\"@id\":\"https:\/\/termoshop.hr\/?product=starter-paket-radiator-s-2#primaryimage\"},\"image\":{\"@id\":\"https:\/\/termoshop.hr\/?product=starter-paket-radiator-s-2#primaryimage\"},\"thumbnailUrl\":\"https:\/\/termoshop.hr\/wp-content\/uploads\/2022\/04\/188-ViCare-radijatorski-termostat.jpg\",\"datePublished\":\"2026-02-25T11:44:30+00:00\",\"dateModified\":\"2026-02-25T13:38:52+00:00\",\"breadcrumb\":{\"@id\":\"https:\/\/termoshop.hr\/?product=starter-paket-radiator-s-2#breadcrumb\"},\"inLanguage\":\"hr\",\"potentialAction\":[{\"@type\":\"ReadAction\",\"target\":[\"https:\/\/termoshop.hr\/?product=starter-paket-radiator-s-2\"]}]},{\"@type\":\"ImageObject\",\"inLanguage\":\"hr\",\"@id\":\"https:\/\/termoshop.hr\/?product=starter-paket-radiator-s-2#primaryimage\",\"url\":\"https:\/\/termoshop.hr\/wp-content\/uploads\/2022\/04\/188-ViCare-radijatorski-termostat.jpg\",\"contentUrl\":\"https:\/\/termoshop.hr\/wp-content\/uploads\/2022\/04\/188-ViCare-radijatorski-termostat.jpg\",\"width\":1200,\"height\":1200,\"caption\":\"ViCare radijatorski termostat\"},{\"@type\":\"BreadcrumbList\",\"@id\":\"https:\/\/termoshop.hr\/?product=starter-paket-radiator-s-2#breadcrumb\",\"itemListElement\":[{\"@type\":\"ListItem\",\"position\":1,\"name\":\"Po\u010detna stranica\",\"item\":\"https:\/\/termoshop.hr\/\"},{\"@type\":\"ListItem\",\"position\":2,\"name\":\"Web trgovina\",\"item\":\"https:\/\/termoshop.hr\/?page_id=7\"},{\"@type\":\"ListItem\",\"position\":3,\"name\":\"ViCare radijatorski termostat\"}]},{\"@type\":\"WebSite\",\"@id\":\"https:\/\/termoshop.hr\/#website\",\"url\":\"https:\/\/termoshop.hr\/\",\"name\":\"Termoshop.hr\",\"description\":\"Web trgovina\",\"publisher\":{\"@id\":\"https:\/\/termoshop.hr\/#organization\"},\"alternateName\":\"Termoshop\",\"potentialAction\":[{\"@type\":\"SearchAction\",\"target\":{\"@type\":\"EntryPoint\",\"urlTemplate\":\"https:\/\/termoshop.hr\/?s={search_term_string}\"},\"query-input\":{\"@type\":\"PropertyValueSpecification\",\"valueRequired\":true,\"valueName\":\"search_term_string\"}}],\"inLanguage\":\"hr\"},{\"@type\":\"Organization\",\"@id\":\"https:\/\/termoshop.hr\/#organization\",\"name\":\"Termoshop\",\"url\":\"https:\/\/termoshop.hr\/\",\"logo\":{\"@type\":\"ImageObject\",\"inLanguage\":\"hr\",\"@id\":\"https:\/\/termoshop.hr\/#\/schema\/logo\/image\/\",\"url\":\"https:\/\/termoshop.hr\/wp-content\/uploads\/2023\/10\/termo-shop-logo-1605741401.png\",\"contentUrl\":\"https:\/\/termoshop.hr\/wp-content\/uploads\/2023\/10\/termo-shop-logo-1605741401.png\",\"width\":551,\"height\":96,\"caption\":\"Termoshop\"},\"image\":{\"@id\":\"https:\/\/termoshop.hr\/#\/schema\/logo\/image\/\"},\"sameAs\":[\"https:\/\/www.facebook.com\/promil.doo\/\"]}]}<\/script>\n<!-- \/ Yoast SEO plugin. -->","yoast_head_json":{"title":"ViCare radijatorski termostat - Termoshop","robots":{"index":"index","follow":"follow","max-snippet":"max-snippet:-1","max-image-preview":"max-image-preview:large","max-video-preview":"max-video-preview:-1"},"canonical":"https:\/\/termoshop.hr\/?product=starter-paket-radiator-s-2","og_locale":"hr_HR","og_type":"article","og_title":"ViCare radijatorski termostat - Termoshop","og_description":"Upravljanje radijatorima na baterijski pogon za regulaciju pojedina\u010dne prostorije u spoju sa Vitoconnectom  Sadr\u017ei: 1 ViCare radijatorski termostat","og_url":"https:\/\/termoshop.hr\/?product=starter-paket-radiator-s-2","og_site_name":"Termoshop","article_publisher":"https:\/\/www.facebook.com\/promil.doo\/","article_modified_time":"2026-02-25T13:38:52+00:00","og_image":[{"width":1200,"height":1200,"url":"https:\/\/termoshop.hr\/wp-content\/uploads\/2022\/04\/188-ViCare-radijatorski-termostat.jpg","type":"image\/jpeg"}],"twitter_card":"summary_large_image","twitter_misc":{"Procijenjeno vrijeme \u010ditanja":"1 minuta"},"schema":{"@context":"https:\/\/schema.org","@graph":[{"@type":"WebPage","@id":"https:\/\/termoshop.hr\/?product=starter-paket-radiator-s-2","url":"https:\/\/termoshop.hr\/?product=starter-paket-radiator-s-2","name":"ViCare radijatorski termostat - Termoshop","isPartOf":{"@id":"https:\/\/termoshop.hr\/#website"},"primaryImageOfPage":{"@id":"https:\/\/termoshop.hr\/?product=starter-paket-radiator-s-2#primaryimage"},"image":{"@id":"https:\/\/termoshop.hr\/?product=starter-paket-radiator-s-2#primaryimage"},"thumbnailUrl":"https:\/\/termoshop.hr\/wp-content\/uploads\/2022\/04\/188-ViCare-radijatorski-termostat.jpg","datePublished":"2026-02-25T11:44:30+00:00","dateModified":"2026-02-25T13:38:52+00:00","breadcrumb":{"@id":"https:\/\/termoshop.hr\/?product=starter-paket-radiator-s-2#breadcrumb"},"inLanguage":"hr","potentialAction":[{"@type":"ReadAction","target":["https:\/\/termoshop.hr\/?product=starter-paket-radiator-s-2"]}]},{"@type":"ImageObject","inLanguage":"hr","@id":"https:\/\/termoshop.hr\/?product=starter-paket-radiator-s-2#primaryimage","url":"https:\/\/termoshop.hr\/wp-content\/uploads\/2022\/04\/188-ViCare-radijatorski-termostat.jpg","contentUrl":"https:\/\/termoshop.hr\/wp-content\/uploads\/2022\/04\/188-ViCare-radijatorski-termostat.jpg","width":1200,"height":1200,"caption":"ViCare radijatorski termostat"},{"@type":"BreadcrumbList","@id":"https:\/\/termoshop.hr\/?product=starter-paket-radiator-s-2#breadcrumb","itemListElement":[{"@type":"ListItem","position":1,"name":"Po\u010detna stranica","item":"https:\/\/termoshop.hr\/"},{"@type":"ListItem","position":2,"name":"Web trgovina","item":"https:\/\/termoshop.hr\/?page_id=7"},{"@type":"ListItem","position":3,"name":"ViCare radijatorski termostat"}]},{"@type":"WebSite","@id":"https:\/\/termoshop.hr\/#website","url":"https:\/\/termoshop.hr\/","name":"Termoshop.hr","description":"Web trgovina","publisher":{"@id":"https:\/\/termoshop.hr\/#organization"},"alternateName":"Termoshop","potentialAction":[{"@type":"SearchAction","target":{"@type":"EntryPoint","urlTemplate":"https:\/\/termoshop.hr\/?s={search_term_string}"},"query-input":{"@type":"PropertyValueSpecification","valueRequired":true,"valueName":"search_term_string"}}],"inLanguage":"hr"},{"@type":"Organization","@id":"https:\/\/termoshop.hr\/#organization","name":"Termoshop","url":"https:\/\/termoshop.hr\/","logo":{"@type":"ImageObject","inLanguage":"hr","@id":"https:\/\/termoshop.hr\/#\/schema\/logo\/image\/","url":"https:\/\/termoshop.hr\/wp-content\/uploads\/2023\/10\/termo-shop-logo-1605741401.png","contentUrl":"https:\/\/termoshop.hr\/wp-content\/uploads\/2023\/10\/termo-shop-logo-1605741401.png","width":551,"height":96,"caption":"Termoshop"},"image":{"@id":"https:\/\/termoshop.hr\/#\/schema\/logo\/image\/"},"sameAs":["https:\/\/www.facebook.com\/promil.doo\/"]}]}},"_links":{"self":[{"href":"https:\/\/termoshop.hr\/index.php?rest_route=\/wp\/v2\/product\/163","targetHints":{"allow":["GET"]}}],"collection":[{"href":"https:\/\/termoshop.hr\/index.php?rest_route=\/wp\/v2\/product"}],"about":[{"href":"https:\/\/termoshop.hr\/index.php?rest_route=\/wp\/v2\/types\/product"}],"replies":[{"embeddable":true,"href":"https:\/\/termoshop.hr\/index.php?rest_route=%2Fwp%2Fv2%2Fcomments&post=163"}],"wp:featuredmedia":[{"embeddable":true,"href":"https:\/\/termoshop.hr\/index.php?rest_route=\/wp\/v2\/media\/159"}],"wp:attachment":[{"href":"https:\/\/termoshop.hr\/index.php?rest_route=%2Fwp%2Fv2%2Fmedia&parent=163"}],"wp:term":[{"taxonomy":"product_brand","embeddable":true,"href":"https:\/\/termoshop.hr\/index.php?rest_route=%2Fwp%2Fv2%2Fproduct_brand&post=163"},{"taxonomy":"product_cat","embeddable":true,"href":"https:\/\/termoshop.hr\/index.php?rest_route=%2Fwp%2Fv2%2Fproduct_cat&post=163"},{"taxonomy":"product_tag","embeddable":true,"href":"https:\/\/termoshop.hr\/index.php?rest_route=%2Fwp%2Fv2%2Fproduct_tag&post=163"}],"curies":[{"name":"wp","href":"https:\/\/api.w.org\/{rel}","templated":true}]}}